se 10
11
Convert -3 (base 15) to base 8.
-3
What is -162 (base 10) in base 7?
-321
What is -19 (base 13) in base 10?
-22
Convert -223 (base 5) to base 13.
-4b
Convert 0 (base 4) to base 8.
0
Convert -4b (base 13) to base 11.
-58
What is 3 (base 13) in base 11?
3
-10 (base 3) to base 16
-3
100000 (base 2) to base 6
52
-52 (base 7) to base 8
-45
31 (base 4) to base 6
21
22 (base 9) to base 4
110
What is 14 (base 8) in base 7?
15
What is -12 (base 5) in base 10?
-7
10 (base 4) to base 8
4
-108 (base 10) to base 9
-130
-10 (base 4) to base 2
-100
2 (base 11) to base 15
2
7 (base 8) to base 3
21
2 (base 11) to base 15
2
What is 66 (base 8) in base 12?
46
Convert 122 (base 7) to base 11.
5a
6 (base 15) to base 8
6
What is -6 (base 8) in base 5?
-11
What is -100 (base 6) in base 10?
-36
Convert 28 (base 11) to base 10.
30
Convert 12 (base 6) to base 11.
8
What is -31 (base 7) in base 14?
-18
What is -5 (base 9) in base 15?
-5
What is -24 (base 8) in base 6?
-32
Convert 200 (base 3) to base 9.
20
What is 26 (base 13) in base 10?
32
-1 (base 15) to base 4
-1
Convert 77 (base 11) to base 9.
103
Convert -2 (base 11) to base 3.
-2
Convert 110 (base 2) to base 15.
6
4 (base 16) to base 11
4
What is -1 (base 7) in base 12?
-1
Convert -5b (base 14) to base 12.
-69
Convert 1 (base 2) to base 15.
1
-a (base 13) to base 14
-a
3 (base 4) to base 16
3
What is -44 (base 16) in base 12?
-58
-1 (base 6) to base 13
-1
Convert 1 (base 7) to base 15.
1
What is -47 (base 16) in base 2?
-1000111
What is -120 (base 6) in base 12?
-40
What is 7 (base 10) in base 9?
7
Convert -1 (base 15) to base 14.
-1
What is -101 (base 2) in base 4?
-11
What is -14 (base 11) in base 8?
-17
What is 11 (base 11) in base 8?
14
Convert 48 (base 10) to base 12.
40
What is -6 (base 16) in base 13?
-6
What is 9 (base 14) in base 4?
21
What is 5 (base 10) in base 3?
12
1 (base 14) to base 8
1
What is 30 (base 16) in base 5?
143
Convert -4 (base 6) to base 13.
-4
What is -51 (base 9) in base 5?
-141
What is -1 (base 10) in base 13?
-1
Convert -9 (base 11) to base 6.
-13
-14 (base 11) to base 7
-21
1 (base 13) to base 5
1
Convert 0 (base 5) to base 16.
0
Convert 2 (base 13) to base 9.
2
What is -11 (base 3) in base 12?
-4
-2300 (base 4) to base 12
-128
6 (base 7) to base 9
6
Convert 1202 (base 3) to base 14.
35
35 (base 13) to base 12
38
2 (base 7) to base 13
2
What is -231 (base 9) in base 12?
-13a
1000 (base 2) to base 5
13
Convert -2 (base 15) to base 8.
-2
What is -180 (base 9) in base 4?
-2121
Convert 6c (base 16) to base 4.
1230
What is -46 (base 16) in base 6?
-154
3 (base 11) to base 4
3
What is -3 (base 6) in base 3?
-10
Convert 3 (base 7) to base 9.
3
What is -58 (base 11) in base 14?
-47
446 (base 8) to base 14
170
What is 1 (base 7) in base 13?
1
What is -430 (base 7) in base 3?
-22001
Convert -1020 (base 3) to base 9.
-36
4b (base 13) to base 3
2100
8a (base 12) to base 16
6a
What is 23 (base 5) in base 9?
14
What is -303 (base 7) in base 3?
-12120
Convert 3 (base 7) to base 4.
3
Convert 17 (base 12) to base 9.
21
What is 110 (base 2) in base 16?
6
Convert 2221 (base 3) to base 6.
211
What is 1 (base 15) in base 9?
1
What is 3 (base 13) in base 4?
3
What is 39 (base 12) in base 16?
2d
Convert -5 (base 8) to base 15.
-5
1 (base 3) to base 7
1
-15 (base 15) to base 7
-26
Convert 64 (base 8) to base 4.
310
What is -1021 (base 3) in base 6?
-54
What is 33 (base 14) in base 3?
1200
4 (base 6) to base 9
4
-4 (base 8) to base 12
-4
What is -18 (base 12) in base 15?
-15
What is -26 (base 7) in base 10?
-20
Convert 21 (base 3) to base 8.
7
What is -26 (base 16) in base 6?
-102
Convert 303 (base 6) to base 15.
76
Convert -10 (base 3) to base 12.
-3
-34 (base 15) to base 8
-61
23 (base 16) to base 8
43
Convert -24 (base 8) to base 4.
-110
Convert -2 (base 12) to base 6.
-2
Convert 110 (base 4) to base 13.
17
-1b (base 15) to base 6
-42
Convert 0 (base 6) to base 14.
0
What is e2 (base 16) in base 9?
271
Convert 256 (base 9) to base 11.
184
-7 (base 10) to base 11
-7
25 (base 6) to base 9
18
What is -1 (base 15) in base 13?
-1
Convert 13 (base 14) to base 8.
21
-7 (base 12) to base 5
-12
What is -174 (base 9) in base 12?
-104
Convert 84 (base 10) to base 11.
77
Convert 14 (base 14) to base 5.
33
-5 (base 13) to base 7
-5
Convert -212 (base 3) to base 11.
-21
What is 21 (base 6) in base 8?
15
Convert -220 (base 5) to base 15.
-40
2022 (base 4) to base 2
10001010
What is 49 (base 15) in base 14?
4d
What is 1010100 (base 2) in base 3?
10010
What is 0 (base 7) in base 14?
0
-42 (base 15) to base 8
-76
What is 3 (base 13) in base 2?
11
14 (base 8) to base 11
11
What is 0 (base 3) in base 5?
0
What is -1 (base 14) in base 11?
-1
Convert 3 (base 15) to base 4.
3
Convert 1011 (base 6) to base 10.
223
Convert -13 (base 14) to base 16.
-11
What is -23 (base 7) in base 13?
-14
What is -1 (base 8) in base 9?
-1
Convert -10110000 (base 2) to base 5.
-1201
Convert 10 (base 2) to base 6.
2
What is 156 (base 11) in base 13?
110
What is 8 (base 13) in base 16?
8
Convert 200 (base 5) to base 2.
110010
Convert -2220 (base 3) to base 11.
-71
2d (base 14) to base 15
2b
What is 1d (base 15) in base 5?
103
-3 (base 14) to base 2
-11
Convert 4 (base 9) to base 2.
100
Convert 7 (base 16) to base 4.
13
What is -27 (base 13) in base 4?
-201
Convert 2 (base 4) to base 13.
2
-100 (base 6) to base 5
-121
32 (base 8) to base 9
28
Convert 67 (base 8) to base 13.
43
-4 (base 16) to base 9
-4
Convert -b6 (base 15) to base 5.
-1141
Convert 1030 (base 5) to base 12.
b8
Convert -4 (base 8) to base 15.
-4
What is -450 (base 6) in base 2?
-10101110
-101 (base 2) to base 5
-10
11 (base 7) to base 14
8
Convert 15 (base 7) to base 10.
12
What is 175 (base 10) in base 12?
127
-178 (base 10) to base 9
-217
What is -4 (base 8) in base 13?
-4
What is -1 (base 5) in base 4?
-1
Convert -1 (base 8) to base 10.
-1
Convert -301 (base 4) to base 15.
-34
Convert -4 (base 10) to base 9.
-4
45 (base 7) to base 10
33
1000 (base 2) to base 9
8
Convert -35 (base 9) to base 15.
-22
Convert -113 (base 6) to base 11.
-41
Convert -da (base 15) to base 10.
-205
Convert 2 (base 11) to base 9.
2
2 (base 7) to base 16
2
Convert 23 (base 6) to base 2.
1111
What is 6 (base 15) in base 14?
6
What is 3 (base 13) in base 4?
3
What is -14 (base 7) in base 9?
-12
What is 32 (base 15) in base 10?
47
What is 4 (base 5) in base 6?
4
Convert 110 (base 5) to base 4.
132
23 (base 14) to base 8
37
Convert -8 (base 10) to base 3.
-22
16 (base 9) to base 11
14
5 (base 8) to base 14
5
Convert -1213 (base 5) to base 12.
-133
What is 164 (base 9) in base 5?
1024
120 (base 3) to base 10
15
Convert 110 (base 7) to base 4.
320
Convert -3 (base 13) to base 7.
-3
Convert 0 (base 3) to base 11.
0
What is -1 (base 16) in base 11?
-1
What is -111 (base 7) in base 5?
-212
What is 96 (base 12) in base 9?
136
Convert -10 (base 5) to base 6.
-5
10b (base 13) to base 8
264
Convert -100 (base 2) to base 8.
-4
What is 23 (base 5) in base 9?
14
Convert -5 (base 6) to base 12.
-5
What is -14 (base 11) in base 16?
-f
30 (base 13) to base 7
54
1001 (base 3) to base 9
31
Convert 65 (base 12) to base 8.
115
What is -10c (base 14) in base 13?
-130
Convert 233 (base 5) to base 4.
1010
-225 (base 9) to base 10
-185
2 (base 13) to base 11
2
What is 7c (base 15) in base 4?
1311
Convert -10 (base 16) to base 11.
-15
What is -312 (base 8) in base 13?
-127
What is 3 (base 15) in base 10?
3
7 (base 11) to base 8
7
Convert -a (base 16) to base 8.
-12
-210 (base 5) to base 10
-55
-1011 (base 2) to base 3
-102
Convert -12 (base 5) to base 14.
-7
Convert -2 (base 14) to base 4.
-2
25 (base 11) to base 13
21
Convert 4 (base 16) to base 15.
4
-1111 (base 4) to base 16
-55
-10 (base 6) to base 14
-6
Convert -215 (base 7) to base 12.
-92
Convert 0 (base 6) to base 8.
0
5 (base 8) to base 5
10
Convert 2 (base 10) to base 8.
2
Convert 0 (base 11) to base 4.
0
What is 12 (base 4) in base 15?
6
Convert -40 (base 13) to base 9.
-57
What is 1101111 (base 2) in base 15?
76
-30 (base 7) to base 8
-25
Convert -8b (base 12) to base 5.
-412
Convert 4a (base 15) to base 14.
50
What is -20 (base 15) in base 3?
-1010
Convert 261 (base 9) to base 10.
217
-373 (base 9) to base 13
-1aa
a (base 13) to base 14
a
Convert 0 (base 15